{"id":354,"date":"2026-04-18T04:03:54","date_gmt":"2026-04-18T04:03:54","guid":{"rendered":"https:\/\/www.patapon95.fr\/?page_id=354"},"modified":"2026-04-18T04:08:50","modified_gmt":"2026-04-18T04:08:50","slug":"recherche-de-benevoles","status":"publish","type":"page","link":"https:\/\/www.patapon95.fr\/index.php\/recherche-de-benevoles\/","title":{"rendered":"Recherche de b\u00e9n\u00e9voles"},"content":{"rendered":"\n<p>La raison d&rsquo;\u00eatre de PATAPON 95 : <strong>promotion de l&rsquo;\u00e9galit\u00e9 femme homme et lutte contre toute forme de violence de genre.<\/strong><\/p>\n\n\n\n<p>Nous intervenons sur 2 p\u00f4les:<\/p>\n\n\n\n<ul class=\"wp-block-list\">\n<li>l&rsquo;<strong>accompagnement psychologique des victimes<\/strong>.<\/li>\n\n\n\n<li>des<strong> actions de sensibilisation et d&rsquo;information<\/strong>, via des ateliers, des expositions, des conf\u00e9rences et des rencontres de groupes constitu\u00e9s . Le public vis\u00e9 est large, les th\u00e9matiques abord\u00e9es recouvrent toutes les formes d&rsquo;agression et de violence sexuelle ou sexiste prenant source dans les st\u00e9r\u00e9otypes de genres et les sch\u00e9mas de domination.<\/li>\n<\/ul>\n\n\n\n<p>L&rsquo;association est implant\u00e9e dans le <strong>Val d&rsquo;Oise<\/strong>. C&rsquo;est le territoire que nous privil\u00e9gions, car nous tenons au travail en r\u00e9seau et au maillage territorial.<\/p>\n\n\n\n<p>Les deux cofondateurs (<a href=\"https:\/\/www.patapon95.fr\/index.php\/lassociation\/\" data-type=\"page\" data-id=\"109\">Brgitte &amp; Pierre<\/a>) sont des professionnels aujourd&rsquo;hui retrait\u00e9s.<\/p>\n\n\n\n<ul class=\"wp-block-list\">\n<li>L&rsquo;un est psychologue clinicien sp\u00e9cialiste du traitement des traumas et de l&rsquo;accompagnement des violences conjugales.<\/li>\n\n\n\n<li>L&rsquo;autre, ancienne responsable de service social, manager de projets et animatrice de r\u00e9seau de partenaires<\/li>\n<\/ul>\n\n\n\n<p>Nous recherchons pour des interventions b\u00e9n\u00e9voles r\u00e9guli\u00e8res des psychologues \u00e0 m\u00eame d&rsquo;intervenir sur les traumas, mais aussi des sophrologues et autres professionnels pour des actions de soutien et de restauration des victimes.<\/p>\n\n\n\n<p>Sur l&rsquo;axe pr\u00e9vention et sensibilisation, nous cherchons pour des interventions ponctuelles des conf\u00e9renciers , des experts des th\u00e9matiques de violences li\u00e9es au genre, mais aussi des artistes, et toute personne d\u00e9sirant contribuer \u00e0 l&rsquo;organisation d&rsquo;\u00e9v\u00e8nements .Nous nous appuyons sur des centres de ressources pour les supports d&rsquo;intervention et d&rsquo;exposition.<\/p>\n\n\n\n<p>Pour nous contacter :<\/p>\n\n\n\n<ul class=\"wp-block-list\">\n<li>Vous pouivez remplir le<a href=\"https:\/\/www.patapon95.fr\/index.php\/contact\/\" data-type=\"page\" data-id=\"122\"> formulaire de contact<\/a> en indiquant le motif B\u00e9n\u00e9volat ou<\/li>\n\n\n\n<li>envoyez un mail \u00e0 <a href=\"mailto:contact@patapon95.fr\">contact@patapon95.fr<\/a>, <\/li>\n<\/ul>\n\n\n\n<p>Expliquez en quelques mots votre motivcation \u00e0 rejoindre l&rsquo;\u00e9quipe de b\u00e9n\u00e9voles et Pierre ou Brigitte reprendront contact avec vous pour un entretien confidentiel* en visioconf\u00e9rence.<\/p>\n\n\n\n<p class=\"has-text-align-center\"><em>*<a href=\"https:\/\/proton.me\/meet\" target=\"_blank\" rel=\"noreferrer noopener\"> Proton Meet<\/a> que nous utilisons est crypt\u00e9 de bout en bout<\/em><br><em> et donc compl\u00e8tement s\u00e9curis\u00e9<\/em><\/p>\n","protected":false},"excerpt":{"rendered":"<p>La raison d&rsquo;\u00eatre de PATAPON 95 : promotion de l&rsquo;\u00e9galit\u00e9 femme homme et lutte contre toute forme de violence de genre. Nous intervenons sur 2 p\u00f4les: L&rsquo;association est implant\u00e9e dans le Val d&rsquo;Oise. C&rsquo;est le territoire que nous privil\u00e9gions, car nous tenons au travail en r\u00e9seau et au maillage territorial. Les deux cofondateurs (Brgitte &amp; [&hellip;]<\/p>\n","protected":false},"author":2,"featured_media":356,"parent":0,"menu_order":0,"comment_status":"closed","ping_status":"closed","template":"","meta":{"footnotes":""},"class_list":["post-354","page","type-page","status-publish","has-post-thumbnail","hentry"],"_links":{"self":[{"href":"https:\/\/www.patapon95.fr\/index.php\/wp-json\/wp\/v2\/pages\/354","targetHints":{"allow":["GET"]}}],"collection":[{"href":"https:\/\/www.patapon95.fr\/index.php\/wp-json\/wp\/v2\/pages"}],"about":[{"href":"https:\/\/www.patapon95.fr\/index.php\/wp-json\/wp\/v2\/types\/page"}],"author":[{"embeddable":true,"href":"https:\/\/www.patapon95.fr\/index.php\/wp-json\/wp\/v2\/users\/2"}],"replies":[{"embeddable":true,"href":"https:\/\/www.patapon95.fr\/index.php\/wp-json\/wp\/v2\/comments?post=354"}],"version-history":[{"count":4,"href":"https:\/\/www.patapon95.fr\/index.php\/wp-json\/wp\/v2\/pages\/354\/revisions"}],"predecessor-version":[{"id":359,"href":"https:\/\/www.patapon95.fr\/index.php\/wp-json\/wp\/v2\/pages\/354\/revisions\/359"}],"wp:featuredmedia":[{"embeddable":true,"href":"https:\/\/www.patapon95.fr\/index.php\/wp-json\/wp\/v2\/media\/356"}],"wp:attachment":[{"href":"https:\/\/www.patapon95.fr\/index.php\/wp-json\/wp\/v2\/media?parent=354"}],"curies":[{"name":"wp","href":"https:\/\/api.w.org\/{rel}","templated":true}]}}