{"id":109,"date":"2026-04-12T02:12:31","date_gmt":"2026-04-12T02:12:31","guid":{"rendered":"https:\/\/www.patapon95.fr\/?page_id=109"},"modified":"2026-04-22T15:41:06","modified_gmt":"2026-04-22T15:41:06","slug":"lassociation","status":"publish","type":"page","link":"https:\/\/www.patapon95.fr\/index.php\/lassociation\/","title":{"rendered":"L&rsquo;association"},"content":{"rendered":"\n<p>Patapon95 est une association loi 1901 ind\u00e9pendante et \u00e0 but non lucratif, cr\u00e9\u00e9e pour r\u00e9pondre aux enjeux li\u00e9s aux in\u00e9galit\u00e9s femmes\u2011hommes et aux violences de genre. Elle agit \u00e0 l\u2019\u00e9chelle des territoires de Plaine Vall\u00e9e et du Val Parisis dans le Val\u2011d\u2019Oise.<\/p>\n\n\n\n<hr class=\"wp-block-separator has-alpha-channel-opacity\"\/>\n\n\n\n<h1 class=\"wp-block-heading has-text-align-center\">Les fondateurs<\/h1>\n\n\n\n<figure class=\"wp-block-image size-large\"><img loading=\"lazy\" decoding=\"async\" width=\"1024\" height=\"787\" src=\"http:\/\/www.patapon95.fr\/wp-content\/uploads\/2026\/04\/Fondateurs-sur-heronspng-1024x787.png\" alt=\"\" class=\"wp-image-86\" srcset=\"https:\/\/www.patapon95.fr\/wp-content\/uploads\/2026\/04\/Fondateurs-sur-heronspng-1024x787.png 1024w, https:\/\/www.patapon95.fr\/wp-content\/uploads\/2026\/04\/Fondateurs-sur-heronspng-300x231.png 300w, https:\/\/www.patapon95.fr\/wp-content\/uploads\/2026\/04\/Fondateurs-sur-heronspng-768x590.png 768w, https:\/\/www.patapon95.fr\/wp-content\/uploads\/2026\/04\/Fondateurs-sur-heronspng-1536x1180.png 1536w, https:\/\/www.patapon95.fr\/wp-content\/uploads\/2026\/04\/Fondateurs-sur-heronspng-2048x1574.png 2048w, https:\/\/www.patapon95.fr\/wp-content\/uploads\/2026\/04\/Fondateurs-sur-heronspng-1080x830.png 1080w, https:\/\/www.patapon95.fr\/wp-content\/uploads\/2026\/04\/Fondateurs-sur-heronspng-1280x984.png 1280w, https:\/\/www.patapon95.fr\/wp-content\/uploads\/2026\/04\/Fondateurs-sur-heronspng-980x753.png 980w, https:\/\/www.patapon95.fr\/wp-content\/uploads\/2026\/04\/Fondateurs-sur-heronspng-480x369.png 480w\" sizes=\"auto, (max-width: 1024px) 100vw, 1024px\" \/><\/figure>\n\n\n\n<p>Brigitte et Pierre, leur expertise crois\u00e9e permet une approche globale, \u00e0 la fois psychologique, sociale et humaine dans l\u2019accompagnement des personnes.<\/p>\n\n\n\n<h3 class=\"wp-block-heading\">Brigitte DANIEL CARNICELLI, Co-Pr\u00e9sidente<\/h3>\n\n\n\n<figure class=\"wp-block-image aligncenter size-large is-resized\"><img loading=\"lazy\" decoding=\"async\" width=\"683\" height=\"1024\" src=\"http:\/\/www.patapon95.fr\/wp-content\/uploads\/2026\/04\/portrait-pro-683x1024.jpg\" alt=\"\" class=\"wp-image-205\" style=\"aspect-ratio:0.6670028576231299;width:360px;height:auto\" srcset=\"https:\/\/www.patapon95.fr\/wp-content\/uploads\/2026\/04\/portrait-pro-683x1024.jpg 683w, https:\/\/www.patapon95.fr\/wp-content\/uploads\/2026\/04\/portrait-pro-200x300.jpg 200w, https:\/\/www.patapon95.fr\/wp-content\/uploads\/2026\/04\/portrait-pro-768x1152.jpg 768w, https:\/\/www.patapon95.fr\/wp-content\/uploads\/2026\/04\/portrait-pro-1024x1536.jpg 1024w, https:\/\/www.patapon95.fr\/wp-content\/uploads\/2026\/04\/portrait-pro-1365x2048.jpg 1365w, https:\/\/www.patapon95.fr\/wp-content\/uploads\/2026\/04\/portrait-pro-1320x1980.jpg 1320w, https:\/\/www.patapon95.fr\/wp-content\/uploads\/2026\/04\/portrait-pro-scaled.jpg 1707w\" sizes=\"auto, (max-width: 683px) 100vw, 683px\" \/><\/figure>\n\n\n\n<p>Assistante sociale de formation , j\u2019ai accompagn\u00e9 des familles en difficult\u00e9s durant une quinzaine d\u2019ann\u00e9es et parmi celles-ci, de nombreuses m\u00e8res isol\u00e9es , en butte \u00e0 diff\u00e9rentes formes de violences&nbsp; de la part du p\u00e8re de leurs enfants ou de leur ex-conjoint. Ce qui me frappait, c\u2019\u00e9tait la honte et le sentiment de culpabilit\u00e9 qu\u2019elles exprimaient , lorsqu\u2019elles avaient enfin os\u00e9 sortir du silence.<\/p>\n\n\n\n<p>Je participais \u00e0 ce moment l\u00e0 \u00e0 une action pilote d\u2019\u00e9coute t\u00e9l\u00e9phonique de nuit pour les femmes victimes de violences conjugales. Nous formions aussi les policiers , c\u2019\u00e9tait le d\u00e9but, et ce fut un vrai challenge &#8230;<\/p>\n\n\n\n<p>Les ann\u00e9es ont pass\u00e9, la lutte contre les violences conjugales est devenu cause nationale, les financements et l\u2019organisation du syst\u00e8me se sont mis en place, le maillage territorial s\u2019est construit peu \u00e0 peu&nbsp;.<\/p>\n\n\n\n<p>Je suis quant \u00e0 moi devenu responsable d\u2019un territoire de service social, en charge de la protection de l\u2019enfance et des personnes vuln\u00e9rables. La r\u00e9alit\u00e9 du terrain, c\u2019est l\u2019action de proximit\u00e9, souvent dans l\u2019urgence, en lien avec les partenaires institutionnels et associatifs . Un travail de r\u00e9seau riche , un engagement certain mais qui reste insuffisant pour faire face \u00e0 toutes les situations de violence .<\/p>\n\n\n\n<p>Le constat, c\u2019est qu\u2019il y a toujours des \u00ab&nbsp;trous dans la raquette&nbsp;\u00bb&nbsp;: les financements sont incertains, les associations engag\u00e9es dans la lutte contre les violences de genre ont du mal \u00e0 survivre, les victimes ne trouvent pas toujours l\u2019\u00e9coute n\u00e9cessaire, la pr\u00e9vention est insuffisante.<\/p>\n\n\n\n<p>Aujourd\u2019hui \u00e0 la retraite, cette envie d\u2019agir ne m\u2019a pas quitt\u00e9e, \u2026<\/p>\n\n\n\n<hr class=\"wp-block-separator has-alpha-channel-opacity\"\/>\n\n\n\n<h3 class=\"wp-block-heading\">Pierre C. DANIEL, Co-Pr\u00e9sident<\/h3>\n\n\n\n<figure class=\"wp-block-image aligncenter size-large is-resized\"><img loading=\"lazy\" decoding=\"async\" width=\"1021\" height=\"1024\" src=\"http:\/\/www.patapon95.fr\/wp-content\/uploads\/2026\/04\/Pierre-NB-1021x1024.jpg\" alt=\"\" class=\"wp-image-206\" style=\"aspect-ratio:0.9970851341843401;width:411px;height:auto\" srcset=\"https:\/\/www.patapon95.fr\/wp-content\/uploads\/2026\/04\/Pierre-NB-1021x1024.jpg 1021w, https:\/\/www.patapon95.fr\/wp-content\/uploads\/2026\/04\/Pierre-NB-300x300.jpg 300w, https:\/\/www.patapon95.fr\/wp-content\/uploads\/2026\/04\/Pierre-NB-150x150.jpg 150w, https:\/\/www.patapon95.fr\/wp-content\/uploads\/2026\/04\/Pierre-NB-768x770.jpg 768w, https:\/\/www.patapon95.fr\/wp-content\/uploads\/2026\/04\/Pierre-NB-1531x1536.jpg 1531w, https:\/\/www.patapon95.fr\/wp-content\/uploads\/2026\/04\/Pierre-NB-1320x1324.jpg 1320w, https:\/\/www.patapon95.fr\/wp-content\/uploads\/2026\/04\/Pierre-NB.jpg 1970w\" sizes=\"auto, (max-width: 1021px) 100vw, 1021px\" \/><\/figure>\n\n\n\n<p>Ma formation initiale initiale est en sciences, o\u00f9 j&rsquo;ai \u00e9tudi\u00e9 la chimie et l&rsquo;ing\u00e9nierie, avant de me tourner vers l&rsquo;informatique et de devenir ing\u00e9nieur syst\u00e8me. Suite \u00e0 un cancer du c\u00f4lon, j&rsquo;ai chang\u00e9 de carri\u00e8re pour me consacrer au coaching, puis \u00e0 la psychologie, o\u00f9 j&rsquo;ai obtenu un master. J&rsquo;ai travaill\u00e9 pendant plusieurs ann\u00e9es en cabinet lib\u00e9ral, sp\u00e9cialis\u00e9 dans les th\u00e9rapies comportementales et cognitives de troisi\u00e8me g\u00e9n\u00e9ration, telles que l&rsquo;ACT et la MBCT.<br><br>Je me suis \u00e9galement form\u00e9 \u00e0 l&rsquo;EMDR pour aider les personnes souffrant de traumatismes et de syndrome post-traumatique. Au fil des ans, j&rsquo;ai d\u00e9velopp\u00e9 une sensibilit\u00e9 particuli\u00e8re aux probl\u00e8mes de violences conjugales. Cela m&rsquo;a conduit \u00e0 suivre une formation de sexologue et de th\u00e9rapeute de couple.<br><br>Depuis ma retraite, je suis b\u00e9n\u00e9vole pour l&rsquo;association Mon \u00e2me s\u0153ur, o\u00f9 j&rsquo;offre des s\u00e9ances de th\u00e9rapie comportementale aux victimes de violences conjugales. J&rsquo;ai observ\u00e9 que ces violences ne se limitent pas aux couples et sont souvent li\u00e9es \u00e0 des questions de genre. En collaborant avec diverses associations, j&rsquo;ai remarqu\u00e9 que, en tant qu&rsquo;homme, je suis souvent le seul dans des groupes majoritairement f\u00e9minins qui luttent pour leurs droits. Cela m&rsquo;a rendu particuli\u00e8rement sensible aux enjeux d&rsquo;\u00e9galit\u00e9 entre les sexes.<br><br>Avec les r\u00e9cents changements politiques mondiaux et les r\u00e9gressions observ\u00e9es aux \u00c9tats-Unis concernant les violences de genre, j&rsquo;ai ressenti le besoin d&rsquo;\u00eatre plus actif dans ce domaine&#8230;<\/p>\n\n\n\n<h2 class=\"wp-block-heading alignwide has-text-align-center\">Adh\u00e9sion<\/h2>\n\n\n\n<div class=\"wp-block-columns alignwide are-vertically-aligned-bottom is-layout-flex wp-container-core-columns-is-layout-28f84493 wp-block-columns-is-layout-flex\">\n<div class=\"wp-block-column is-vertically-aligned-bottom is-layout-flow wp-block-column-is-layout-flow\">\n<iframe id=\"haWidget\" allowtransparency=\"true\" scrolling=\"auto\" src=\"https:\/\/www.helloasso.com\/associations\/patapon95\/adhesions\/adhesion-simple\/widget\" style=\"width: 100%; height: 750px; border: none;\" onload=\"window.addEventListener('message', function(e) { const dataHeight = e.data.height; const haWidgetElement = document.getElementById('haWidget'); \n  if (dataHeight > parseFloat(haWidgetElement.height || 0)) { haWidgetElement.height = dataHeight + &lsquo;px&rsquo;;}})\u00a0\u00bb><\/iframe>\n<\/div>\n<\/div>\n","protected":false},"excerpt":{"rendered":"<p>Patapon95 est une association loi 1901 ind\u00e9pendante et \u00e0 but non lucratif, cr\u00e9\u00e9e pour r\u00e9pondre aux enjeux li\u00e9s aux in\u00e9galit\u00e9s femmes\u2011hommes et aux violences de genre. Elle agit \u00e0 l\u2019\u00e9chelle des territoires de Plaine Vall\u00e9e et du Val Parisis dans le Val\u2011d\u2019Oise. Les fondateurs Brigitte et Pierre, leur expertise crois\u00e9e permet une approche globale, \u00e0 [&hellip;]<\/p>\n","protected":false},"author":1,"featured_media":146,"parent":0,"menu_order":0,"comment_status":"closed","ping_status":"closed","template":"","meta":{"footnotes":""},"class_list":["post-109","page","type-page","status-publish","has-post-thumbnail","hentry"],"_links":{"self":[{"href":"https:\/\/www.patapon95.fr\/index.php\/wp-json\/wp\/v2\/pages\/109","targetHints":{"allow":["GET"]}}],"collection":[{"href":"https:\/\/www.patapon95.fr\/index.php\/wp-json\/wp\/v2\/pages"}],"about":[{"href":"https:\/\/www.patapon95.fr\/index.php\/wp-json\/wp\/v2\/types\/page"}],"author":[{"embeddable":true,"href":"https:\/\/www.patapon95.fr\/index.php\/wp-json\/wp\/v2\/users\/1"}],"replies":[{"embeddable":true,"href":"https:\/\/www.patapon95.fr\/index.php\/wp-json\/wp\/v2\/comments?post=109"}],"version-history":[{"count":11,"href":"https:\/\/www.patapon95.fr\/index.php\/wp-json\/wp\/v2\/pages\/109\/revisions"}],"predecessor-version":[{"id":392,"href":"https:\/\/www.patapon95.fr\/index.php\/wp-json\/wp\/v2\/pages\/109\/revisions\/392"}],"wp:featuredmedia":[{"embeddable":true,"href":"https:\/\/www.patapon95.fr\/index.php\/wp-json\/wp\/v2\/media\/146"}],"wp:attachment":[{"href":"https:\/\/www.patapon95.fr\/index.php\/wp-json\/wp\/v2\/media?parent=109"}],"curies":[{"name":"wp","href":"https:\/\/api.w.org\/{rel}","templated":true}]}}

<p>Patapon95 est une association loi 1901 indépendante et à but non lucratif, créée pour répondre aux enjeux liés aux inégalités femmes‑hommes et aux violences de genre. Elle agit à l’échelle des territoires de Plaine Vallée et du Val Parisis dans le Val‑d’Oise.</p>



<hr class="wp-block-separator has-alpha-channel-opacity"/>



<h1 class="wp-block-heading has-text-align-center">Les fondateurs</h1>



<figure class="wp-block-image size-large"><img loading="lazy" decoding="async" width="1024" height="787" src="http://www.patapon95.fr/wp-content/uploads/2026/04/Fondateurs-sur-heronspng-1024x787.png" alt="" class="wp-image-86" srcset="https://www.patapon95.fr/wp-content/uploads/2026/04/Fondateurs-sur-heronspng-1024x787.png 1024w, https://www.patapon95.fr/wp-content/uploads/2026/04/Fondateurs-sur-heronspng-300x231.png 300w, https://www.patapon95.fr/wp-content/uploads/2026/04/Fondateurs-sur-heronspng-768x590.png 768w, https://www.patapon95.fr/wp-content/uploads/2026/04/Fondateurs-sur-heronspng-1536x1180.png 1536w, https://www.patapon95.fr/wp-content/uploads/2026/04/Fondateurs-sur-heronspng-2048x1574.png 2048w, https://www.patapon95.fr/wp-content/uploads/2026/04/Fondateurs-sur-heronspng-1080x830.png 1080w, https://www.patapon95.fr/wp-content/uploads/2026/04/Fondateurs-sur-heronspng-1280x984.png 1280w, https://www.patapon95.fr/wp-content/uploads/2026/04/Fondateurs-sur-heronspng-980x753.png 980w, https://www.patapon95.fr/wp-content/uploads/2026/04/Fondateurs-sur-heronspng-480x369.png 480w" sizes="auto, (max-width: 1024px) 100vw, 1024px" /></figure>



<p>Brigitte et Pierre, leur expertise croisée permet une approche globale, à la fois psychologique, sociale et humaine dans l’accompagnement des personnes.</p>



<h3 class="wp-block-heading">Brigitte DANIEL CARNICELLI, Co-Présidente</h3>



<figure class="wp-block-image aligncenter size-large is-resized"><img loading="lazy" decoding="async" width="683" height="1024" src="http://www.patapon95.fr/wp-content/uploads/2026/04/portrait-pro-683x1024.jpg" alt="" class="wp-image-205" style="aspect-ratio:0.6670028576231299;width:360px;height:auto" srcset="https://www.patapon95.fr/wp-content/uploads/2026/04/portrait-pro-683x1024.jpg 683w, https://www.patapon95.fr/wp-content/uploads/2026/04/portrait-pro-200x300.jpg 200w, https://www.patapon95.fr/wp-content/uploads/2026/04/portrait-pro-768x1152.jpg 768w, https://www.patapon95.fr/wp-content/uploads/2026/04/portrait-pro-1024x1536.jpg 1024w, https://www.patapon95.fr/wp-content/uploads/2026/04/portrait-pro-1365x2048.jpg 1365w, https://www.patapon95.fr/wp-content/uploads/2026/04/portrait-pro-1320x1980.jpg 1320w, https://www.patapon95.fr/wp-content/uploads/2026/04/portrait-pro-scaled.jpg 1707w" sizes="auto, (max-width: 683px) 100vw, 683px" /></figure>



<p>Assistante sociale de formation , j’ai accompagné des familles en difficultés durant une quinzaine d’années et parmi celles-ci, de nombreuses mères isolées , en butte à différentes formes de violences&nbsp; de la part du père de leurs enfants ou de leur ex-conjoint. Ce qui me frappait, c’était la honte et le sentiment de culpabilité qu’elles exprimaient , lorsqu’elles avaient enfin osé sortir du silence.</p>



<p>Je participais à ce moment là à une action pilote d’écoute téléphonique de nuit pour les femmes victimes de violences conjugales. Nous formions aussi les policiers , c’était le début, et ce fut un vrai challenge &#8230;</p>



<p>Les années ont passé, la lutte contre les violences conjugales est devenu cause nationale, les financements et l’organisation du système se sont mis en place, le maillage territorial s’est construit peu à peu&nbsp;.</p>



<p>Je suis quant à moi devenu responsable d’un territoire de service social, en charge de la protection de l’enfance et des personnes vulnérables. La réalité du terrain, c’est l’action de proximité, souvent dans l’urgence, en lien avec les partenaires institutionnels et associatifs . Un travail de réseau riche , un engagement certain mais qui reste insuffisant pour faire face à toutes les situations de violence .</p>



<p>Le constat, c’est qu’il y a toujours des «&nbsp;trous dans la raquette&nbsp;»&nbsp;: les financements sont incertains, les associations engagées dans la lutte contre les violences de genre ont du mal à survivre, les victimes ne trouvent pas toujours l’écoute nécessaire, la prévention est insuffisante.</p>



<p>Aujourd’hui à la retraite, cette envie d’agir ne m’a pas quittée, …</p>



<hr class="wp-block-separator has-alpha-channel-opacity"/>



<h3 class="wp-block-heading">Pierre C. DANIEL, Co-Président</h3>



<figure class="wp-block-image aligncenter size-large is-resized"><img loading="lazy" decoding="async" width="1021" height="1024" src="http://www.patapon95.fr/wp-content/uploads/2026/04/Pierre-NB-1021x1024.jpg" alt="" class="wp-image-206" style="aspect-ratio:0.9970851341843401;width:411px;height:auto" srcset="https://www.patapon95.fr/wp-content/uploads/2026/04/Pierre-NB-1021x1024.jpg 1021w, https://www.patapon95.fr/wp-content/uploads/2026/04/Pierre-NB-300x300.jpg 300w, https://www.patapon95.fr/wp-content/uploads/2026/04/Pierre-NB-150x150.jpg 150w, https://www.patapon95.fr/wp-content/uploads/2026/04/Pierre-NB-768x770.jpg 768w, https://www.patapon95.fr/wp-content/uploads/2026/04/Pierre-NB-1531x1536.jpg 1531w, https://www.patapon95.fr/wp-content/uploads/2026/04/Pierre-NB-1320x1324.jpg 1320w, https://www.patapon95.fr/wp-content/uploads/2026/04/Pierre-NB.jpg 1970w" sizes="auto, (max-width: 1021px) 100vw, 1021px" /></figure>



<p>Ma formation initiale initiale est en sciences, où j&rsquo;ai étudié la chimie et l&rsquo;ingénierie, avant de me tourner vers l&rsquo;informatique et de devenir ingénieur système. Suite à un cancer du côlon, j&rsquo;ai changé de carrière pour me consacrer au coaching, puis à la psychologie, où j&rsquo;ai obtenu un master. J&rsquo;ai travaillé pendant plusieurs années en cabinet libéral, spécialisé dans les thérapies comportementales et cognitives de troisième génération, telles que l&rsquo;ACT et la MBCT.<br><br>Je me suis également formé à l&rsquo;EMDR pour aider les personnes souffrant de traumatismes et de syndrome post-traumatique. Au fil des ans, j&rsquo;ai développé une sensibilité particulière aux problèmes de violences conjugales. Cela m&rsquo;a conduit à suivre une formation de sexologue et de thérapeute de couple.<br><br>Depuis ma retraite, je suis bénévole pour l&rsquo;association Mon âme sœur, où j&rsquo;offre des séances de thérapie comportementale aux victimes de violences conjugales. J&rsquo;ai observé que ces violences ne se limitent pas aux couples et sont souvent liées à des questions de genre. En collaborant avec diverses associations, j&rsquo;ai remarqué que, en tant qu&rsquo;homme, je suis souvent le seul dans des groupes majoritairement féminins qui luttent pour leurs droits. Cela m&rsquo;a rendu particulièrement sensible aux enjeux d&rsquo;égalité entre les sexes.<br><br>Avec les récents changements politiques mondiaux et les régressions observées aux États-Unis concernant les violences de genre, j&rsquo;ai ressenti le besoin d&rsquo;être plus actif dans ce domaine&#8230;</p>



<h2 class="wp-block-heading alignwide has-text-align-center">Adhésion</h2>



<div class="wp-block-columns alignwide are-vertically-aligned-bottom is-layout-flex wp-container-core-columns-is-layout-28f84493 wp-block-columns-is-layout-flex">
<div class="wp-block-column is-vertically-aligned-bottom is-layout-flow wp-block-column-is-layout-flow">
<iframe id="haWidget" allowtransparency="true" scrolling="auto" src="https://www.helloasso.com/associations/patapon95/adhesions/adhesion-simple/widget" style="width: 100%; height: 750px; border: none;" onload="window.addEventListener('message', function(e) { const dataHeight = e.data.height; const haWidgetElement = document.getElementById('haWidget'); 
  if (dataHeight > parseFloat(haWidgetElement.height || 0)) { haWidgetElement.height = dataHeight + &lsquo;px&rsquo;;}}) »></iframe>
</div>
</div>

<p>Patapon95 est une association loi 1901 indépendante et à but non lucratif, créée pour répondre aux enjeux liés aux inégalités femmes‑hommes et aux violences de genre. Elle agit à l’échelle des territoires de Plaine Vallée et du Val Parisis dans le Val‑d’Oise. Les fondateurs Brigitte et Pierre, leur expertise croisée permet une approche globale, à [&hellip;]</p>
